2 + 2) - 0).
4
What is (-32 - -27) + 1 + 0?
-4
5 - ((-4 - -4) + -5 + 12)
-2
What is 1 + -3 + 5 + -3 + 1?
1
What is 0 + 0 + 3 - (10 - 11)?
4
What is 7 - (2 - 3 - -4) - 0?
4
Evaluate -10 + 4 + 1 + (0 - -2).
-3
81 - 92 - (-6 - (-4 + 2))
-7
Calculate (4 - 18) + 16 + -8.
-6
What is the value of -3 + (13 - 0 - (-38 + 40))?
8
What is the value of -6 + -5 + 15 + -2 + -2?
0
Calculate (3 - (1 + 2) - -4) + 1.
5
What is 5 + (3 - 0) + -2?
6
-65 + 76 + -16 + -1
-6
What is 4 - (4 - 0 - (8 + -5))?
3
Calculate 0 + 3 - (-8 - -11).
0
-4 + (-1 + 0 - (-11 - -5))
1
-23 + 25 + -2 + 2 + 1
3
2 + -7 + 7 - 11
-9
Evaluate 3 + (4 + -4 - -1) + 1.
5
What is -6 + 4 + 1 + -1?
-2
1 - ((2 - -2) + -3) - -4
4
What is the value of -8 + 3 - (5 + (-1 - 16))?
7
What is the value of 10 + -5 - (-1 - -4)?
2
Evaluate 1 + 0 + (-10 - -6).
-3
What is the value of (4 - -3 - (-2 - -14)) + 4?
-1
-4 + 12 + -4 + (0 - 5)
-1
What is 4 + -1 + 1 + -8?
-4
Calculate (-15 - -6) + 10 - (2 - -1).
-2
2 - (5 + -1 + 1) - 2
-5
What is (-2 + 1 - 0) + (1 - -2)?
2
Calculate (1 - 6) + -17 + 13.
-9
(-7 - (-8 - 0)) + -4
-3
What is 2 + 2 + -6 - 0?
-2
What is -11 + (-7 - -5 - -11)?
-2
What is 6 + (-7 - (-4 - (-12 + 3)))?
-6
What is the value of 0 + (1 - 3) + (-11 - -18)?
5
What is -4 - ((-2 - -1 - -5) + -9)?
1
-5 - -19 - 6 - 9 - -5
4
0 + -13 + -31 + 38
-6
Evaluate 20 - 5 - (-5 - (-6 + -6)).
8
What is -9 + 12 + -3 + -3?
-3
What is the value of 10 - (1 - -2 - -2)?
5
What is 1 + (-7 + 1 - -3) - 0?
-2
-2 + (-7 - 0) + 9
0
What is the value of 19 + (-5 - (17 - 11))?
8
Evaluate 13 + (-15 - (-8 + 0)).
6
What is (-2 - -12) + -5 + -3?
2
(20 - 18) + -11 + (-2 - -2)
-9
Evaluate 5 + (-4 + 1 + 1 - -2).
5
-6 + 8 - (-4 + 7)
-1
Calculate -4 + (3 - 5 - -11) + 1.
6
Calculate (0 - (0 - 1)) + -6.
-5
Evaluate 5 + (1 - (-3 + 12)).
-3
Calculate -4 - -7 - (7 + 0 - 0).
-4
6 + -3 + (-1 - -1) + -2
1
What is the value of -1 + (7 + -27 - -12)?
-9
Calculate -26 + 25 - (-6 + 1) - 5.
-1
-3 + -1 + 6 + 7
9
Evaluate -4 - (-1 - (-1 + -2) - 1).
-5
Calculate 2 + -1 - (-2 + (-4 - -11)).
-4
What is (-3 + 4 - -1 - 3) + -1?
-2
Evaluate -22 - -13 - (0 - 3) - -5.
-1
What is (0 - (-2 + 13)) + 9 + -8?
-10
Evaluate 6 - (3 + 0) - 0.
3
What is the value of 0 - -4 - ((16 - 5) + -6)?
-1
-5 + 0 + 2 + 2
-1
What is -2 + 0 + 26 + -18?
6
1 - (0 - -1) - -3 - 4
-1
Calculate (5 - (-2 + 5)) + -5.
-3
Calculate (10 - 4 - 3) + 3 + -1.
5
Evaluate 3 - (-4 + (-1 - -2) - -11).
-5
What is the value of (-12 - -18) + 7 - 12?
1
Calculate (2 - -1) + (7 + -6 - 1).
3
3 - 4 - 3 - -1
-3
What is the value of (8 - 12) + 3 + -1?
-2
Calculate 10 + (-1 - 4) + 0.
5
Evaluate -3 + -6 + (12 - 5) - -8.
6
What is the value of 5 - (11 + 8) - -8?
-6
Evaluate -3 + (-1 + -2 - -5 - -3).
2
What is the value of 9 - (4 + -2 - (11 + -8))?
10
Evaluate 7 + -2 - (-3 - -6).
2
What is -2 + (-13 - -7 - -11)?
3
Calculate -1 - (1 + -3 - -2 - 6).
5
What is -3 + (-6 - -6 - -3) - 0?
0
Calculate 8 + 0 - (11 + -2).
-1
Evaluate (-2 - (0 + (6 - -2))) + 4.
-6
-4 - (-6 + 4 + -3) - 2
-1
What is -3 + -4 + 0 + 0 + 2?
-5
-2 - (3 - (0 + 0))
-5
8 + (5 - 3) - 19
-9
Calculate -6 - (8 + (2 - 14) - 3).
1
What is 1 + 6 + -5 + (0 - 1)?
1
What is the value of 6 - (-1 + -2 - -6) - -1?
4
Calculate 1 - (7 + (-14 - -4)).
4
Evaluate 1 - 9 - (4 - 15).
3
Calculate -7 + 1 - (-66 - -63).
-3
What is the value of 3 - (-11 - -4) - 2 - 3?
5
-5 + 6 + 0 + -6
-5
What is the value of -5 + (5 + -4 - -3)?
-1
3 + (0 + -7 - (-8 - 0))
4
What is 2 - -1 - (-6 + 7)?
2
Evaluate 2 + -1 + (-8 - 7) + 8.
-6
What is -2 - (-16 + (-6 - -17))?
3
What is 2 - (-1 + -4 + 0 + 5)?
2
What is -3 + 1 + -3 + (0 - 0)?
-5
Evaluate ((5 - 4) + -4 - -1) + 5.
3
Evaluate 11 + 14 + -20 + -5.
0
Evaluate (-8 - (4 + 1 + -10)) + -1.
-4
What is the value of (2 - 2) + 3 + -4?
-1
Evaluate -2 + (4 + 4 + -3 - 4).
-1
Calculate -5 + (1 - 2 - -2) + 3.
-1
1 + (3 - 4) - 2
-2
Evaluate -3 - (2 + -8 + 5).
-2
Evaluate 5 - (0 - (-4 - 0)).
1
What is the value of 12 + 8 + -6 + -10?
4
Calculate -3 + (0 - -7) + -9.
-5
Calculate -2 - ((4 - (0 + 2)) + -1).
-3
Evaluate 0 + 2 + 0 + -26 + 25.
1
Evaluate -2 + 1 + (-20 - -19).
-2
What is the value of 5 + (1 - (3 - 2))?
5
Evaluate -18 - -20 - (2 - 0).
0
Calculate -2 - (-3 - (2 + -1 + 2)).
4
What is the value of 5 - (-10 - (9 - 26))?
-2
What is (-1 - 3 - 0) + 8?
4
Calculate (-13 - (11 + -22)) + 5.
3
What is the value of 1 + -2 + (2 + -2 - -6)?
5
What is 4 + ((-4 - -3) + -7 - -3)?
-1
What is the value of -16 - (-8 - 8 - -8)?
-8
Evaluate (-2 - 0 - 2) + 4 - 3.
-3
What is 35 + -30 + -1 + (1 - 1)?
4
What is the value of 4 - (8 + 1 + -6)?
1
Calculate 1 - (-4 - (-8 - -5 - 3)).
-1
-13 + (-7 + 22 - 9)
-7
What is 4 + (-12 - (1 - 6) - -4)?
1
5 + 2 + -2 - 7
-2
What is the value of (0 - (0 - -3) - -2) + -4?
-5
Calculate 18 + -20 + (-1 - 3 - 0).
-6
What is the value of 7 - 21 - -12 - (-1 + -1)?
0
What is the value of -6 + (0 + 4 + 2 - 4)?
-4
What is the value of -1 + -8 + 42 + -25?
8
-11 - (8 + -35) - 14
2
What is 3 - (8 + 0 - -1)?
-6
13 - 22 - (0 - 4)
-5
Calculate 1 + -5 + (31 - 32).
-5
Calculate -3 - 5 - (1 - 9).
0
What is the value of 1 + -2 - (-7 - (-19 + 12))?
-1
Calculate -2 + -2 + -2 + -2 + 10.
2
Calculate -8 + (4 - 9) + 8.
-5
3 - 0 - (4 + -6) - 3
2
What is (-2 - (-3 + (-4 - -2))) + -3?
0
(1 - (0 + 4)) + -1 + 0
-4
What is -1 - -6 - (2 + (11 - 1))?
-7
What is 2 + 5 + 0 - (-37 + 41)?
3
What is (-8 - -1) + 0 - -2?
-5
What is -13 - -9 - (-10 + 5)?
1
What is -6 - 4 - -11 - (2 + 0)?
-1
What is the value of (-2 - -5) + 0 - -4?
7
0 + 0 + (-8 + 9 - 3)
-2
Evaluate -4 + 9 - (7 - 6).
4
Evaluate (-5 - 0 - -3) + 5.
3
Evaluate 7 + -4 - (1 - -1).
1
Calculate 11 - 10 - (-1 - 4).
6
(-5 + 6 - 5) + 8 + 1
5
8 + (-7 - 0) + (-2 - -1)
0
What is 13 + (-12 - 11 - -6)?
-4
-3 + (-1 - -19) + -8
7
Evaluate 11 + -8 - (1 + 2) - 3.
-3
Evaluate -8 + (4 - (-8 + 14) - 0).
-10
Calculate (-10 - -8) + 4 - 2.
0
What is the value of -6 - 1 - (-38 + 35)?
-4
Evaluate (-6 - -2) + (-1 - -1) - -3.
-1
3 + -7 + 1 + 17 + -16
-2
What is 8 + (-9 - (0 - 4)) + -7?
-4
What is the value of 0 - (-1 + (1 - -6))?
-6
Calculate (2 - 1) + (5 - 1).
5
Evaluate -3 + 5 + -2 + -3.
-3
What is (-1 - -1) + 3 + (0 - 0)?
3
What is the value of 2 + (12 - 2) + 3 + -9?
6
Evaluate -4 + -3 + 4 - (-2 - 2).
1
(17 - (28 - 11)) + 0 + -6
-6
What is (0 - -3) + (-1 - 3)?
-1
What is the value of (-2 - -2) + (-9 - -4) + -1?
-6
6 + (2 - (6 - 3))
5
5 - 1 - (-11 + (-6 - -22))
-1
(8 - 6) + -32 + 22
-8
6 - -1 - (11 + (13 - 15))
-2
What is (7 - 5) + (3 - 1)?
4
What is (12 - (23 - 11)) + 8?
8
4 + -5 + 0 + -3
-4
Calculate 7 - (-5 + (3 - (8 + -11))).
6
Evaluate -2 + 4 + -9 + 0 - -2.
-5
What is -2 + (1 - (-1 + 1 + 5))?
-6
What is 2 - 3 - (31 + -34)?
2
What is 3 - (4 - (7 - 3))?
3
What is (-1 - 0) + 8 + -16?
-9
Calculate (-2 - 1) + -8 + 13.
2
What is -5 - (8 - 11 - 5)?
3
What is the value of -3 + (7 + 0 - (12 + -12))?
4
Calculate 4 - (-1 + -5 + 11 - 4).
3
What is the value of -5 - -1 - (4 + -6) - 1?
-3
What is 1 + -5 + (-5 - -8) + -4?
-5
Calculate 3 - 0 - (8 + (-14 - -6)).
3
-8 + 1 + 9 + -11
-9
(6 - (8 + -2)) + -6 + 2
-4
Calculate (-8 - -8 - 10) + 5.
-5
What is the value of 2 + (1 - (2 + -2 + 0))?
3
Calculate 6 + (5 - (4 + -1)).
8
(89 - 78) + (-5 - 0)
6
Evaluate 0 + -2 + (10 - (6 + 1)).
1
What is (-7 - -12 - 1) + -2 + 2?
4
What is 0 + 1 + (-4 - 5) + 4?
-4
Calculate 6 + (-13 - (4 + -3)).
-8
What is 5 + (-1 - 5) - (1 - 0)?
-2
(3 + -4 - 3) + -16 + 15
-5
What is -12 + -6 + 8 + 8?
-2
Evaluate 3 - -4 - -1 - 8.
0
Calculate 10 + -1 + -5 - 9.
-5
-19 - (-2 + -19 + 7)
-5
Calculate (0 - 1 - 3) + (10 - 2).
4
1 - (6 + -4 - 2)
1
0 + 4 + -2 + -5
-3
Evaluate (2 - 2) + (0 + -1 - -1).
0
What is the value of 7 + (-12 - (5 - 10)) - 4?
-4
-14 - -7 - 3 - -10
0
Calculate 6 - (14 + -6 + -3).
1
What is the value of 1 - (0 + 0) - (3 - 3)?
1
What is -10 + 3 - (0 + -1 + -13)?
7
Evaluate (4 - (-2 + 5 + 5)) + 1.
-3
What is the value of -2 + 7 - (-1 + (8 - 8))?
6
Calculate 0 + 5 + (0 - 2).
3
What is the value of (-4 - -6) + 8 + (-5 - 0)?
5
-5 + 5 + (0 - (3 - 3))
0
3 - 5 - (1 - 2)
-1
-1 + -3 - (8 - 18) - 4
2
Evaluate 0 - 2 - (-4 - (3 + -4)).
1
Evaluate -5 - (-4 - (7 + -3)).
3
What is (2 - 6) + 2 - (-1 + -1)?
0
What is 6 + 4 + (-10 - -5) + 0?
5
What is 3 + (1 - (-1 - -10))?
-5
What is (1 - 6) + (-15 - -7 - -9)?
-4
What is (0 - 3) + (-9 - (5 + -22))?
5
What is the value of 1 + -3 - -5 - (-5 + 8)?
0
Cal